pose -3*r + 0*c + 46 = 5*c, 2*c = -4*r + 38. Let a be w(r). Is a*(-1)/(-2) - -21 a composite number?
False
Let d be 1 - (0 + 2 + 16). Let g = d - -28. Let y = g + 8. Is y a prime number?
True
Let s(t) = 14*t + 1. Suppose -2*u - 4 = -3*c, u = -u + 2*c - 2. Let m be s(u). Suppose -m = r - 2*r. Is r prime?
False
Suppose 0 = 3*q - 2*f - 208 + 48, 5*f + 166 = 3*q. Let h = q + 75. Is h a composite number?
False
Suppose -k = -0*k. Suppose 4*z - 9 - 43 = k. Is z composite?
False
Let q(l) = -2*l**2 + 7*l - 14. Let m be q(-11). Let z = m - -478. Is z prime?
False
Let q be (-33)/(-15) + 1/(-5). Let v(f) = -f**2 - 5 + 7*f**q - f**2 - 2*f. Is v(-4) prime?
True
Let p(o) = -o**3 - 10*o**2 - 10*o + 6. Is p(-11) composite?
True
Let a(t) = -21*t + 16. Is a(-15) prime?
True
Let w be 1 + -3 + 15/3. Let j be (-1)/((-1)/(w - -2)). Suppose -42 = -j*c + 3. Is c composite?
True
Suppose -1 = -3*i + 11. Let p(q) = -1 - 1 + i*q**2 + q**3 - 1 - 6*q. Is p(-4) a prime number?
False
Let w(z) = -14*z**3 + z**2 + 2*z + 3. Is w(-2) a composite number?
True
Let o = 272 + 185. Is o a composite number?
False
Let f be -2 - 18/(1 + -2). Is (0 - 0 - 2) + f a composite number?
True
Suppose -31 = o - 2*p, 0 = -2*o - p - 3*p - 38. Let a = o - -72. Is a composite?
False
Let o = 36 - 13. Suppose o - 66 = -k. Is k prime?
True
Suppose -5*f - 4*d + 468 = -d, 0 = 4*d - 4. Suppose -3*m + 198 + f = 0. Is m a prime number?
True
Suppose 2*m - 8*m + 2886 = 0. Is m composite?
True
Let r be (-211)/(-4) + (-4)/(-16). Let y = 88 - r. Is y a prime number?
False
Let n = 21 + -14. Suppose -5*f - 5 = -75. Let v = f + n. Is v a composite number?
True
Let z(f) = -21*f**2 - 4*f + 5. Let c(h) = 4*h**2 + h - 1. Let o(s) = 11*c(s) + 2*z(s). Is o(-5) composite?
True
Is 40244/12 - 1 - 2/(-6) a prime number?
False
Let f = -630 - -1261. Is f composite?
False
Let p(n) = -n**2 + n + 3*n - 5*n + 33. Let f(h) = h**2 + 12*h - 13. Let a be f(-13). Is p(a) prime?
False
Suppose t = 4*q + 1423, 519 = -2*t + 5*q + 3365. Is t prime?
True
Let i(v) = v + 52. Let k be i(0). Let n = 131 - k. Is n a prime number?
True
Let y(g) be the first derivative of g**3 + 5/2*g**2 + 3 - 1/4*g**4 - 2*g. Is y(3) prime?
True
Is 1 + 2 - (-5 - 365) a composite number?
False
Let x(t) = -7*t - 1. Let m be x(-6). Suppose -p + 3*z + m = -z, -3*z = -3*p + 114. Suppose -o + p = -12. Is o prime?
False
Let g be -3 + 1 - -6 - 1. Suppose -3*j = 15, 8*t = g*t - 5*j + 80. Let k = t - 2. Is k a prime number?
True
Suppose b - 2 = 2*w + 7, 3*b - 3*w = 24. Let l = 44 - b. Is l a prime number?
True
Let v = 305 + 2. Is v composite?
False
Suppose 382 = -3*f - 2*t, -3*t = f - 3*f - 246. Let h = f + 181. Is h a prime number?
False
Let d(n) = -21*n + 10. Is d(-9) composite?
False
Let n = 17 + -133. Suppose -3*k - 433 = -1042. Let o = k + n. Is o composite?
True
Suppose 0 = 2*n - n - 4. Suppose -w + 2*j - 10 = 2*w, -j = w. Is ((-1)/w)/(n/296) composite?
False
Suppose 0*b + b + 27 = 5*j, -j + b = -7. Let o(d) = 2*d**3 + 3*d - 1. Let y be o(2). Suppose -j*l = -y - 209. Is l prime?
False
Let t = 2183 - 1289. Let i be (t/(-9))/(2/(-3)). Suppose -7*j + 8*j - i = 0. Is j a composite number?
False
Suppose -6*y + 2*k + 179 = -y, -2*k + 136 = 4*y. Let o = 54 - y. Is o a composite number?
False
Is (-35 + 6)*2*(-11)/2 composite?
True
Suppose 4*q - 5*b = -2*b + 6622, 4*b = q - 1649. Is q prime?
True
Let z = 99 - 63. Suppose 19 - 4 = 5*l. Let h = z + l. Is h a composite number?
True
Let d be (-3)/(-5) + (-14)/(-10). Suppose -3*r = -c - 205, r - 2*c - 61 = d*c. Is r a composite number?
True
Let m(r) be the second derivative of 5*r**4/12 - r**3/3 + 3*r**2/2 + r. Let v(d) = -d**2 - 11*d - 8. Let i be v(-10). Is m(i) a composite number?
False
Is (44/(-8) - -5)/((-2)/596) composite?
False
Let j = 1040 - 555. Is j a composite number?
True
Is ((-8)/32)/((-3)/25932) prime?
True
Let i(d) = 15*d**2 - 3*d - 5. Is i(-4) a composite number?
True
Let p = 18 - 11. Let k(a) = a**3 - 7*a**2 + 5. Let u be k(p). Suppose 46 = b + 2*b + 2*r, -u*r + 52 = 3*b. Is b a prime number?
False
Let s = 2 + 11. Let t = s + -7. Suppose 0 = -4*v - 5*d + 9, v = t*v + 4*d - 18. Is v composite?
True
Let d(c) = 16*c - 1. Let o(r) = -17*r + 2. Let p(k) = -6*d(k) - 5*o(k). Is p(-6) composite?
True
Let d(p) = -p**2 - p + 67. Is d(0) a prime number?
True
Let r(w) = -2*w**3 + w**2 + 10*w + 9. Is r(-4) a prime number?
True
Let h(n) be the first derivative of -n**4/4 - 14*n**3/3 + 11*n**2 - 2*n + 8. Is h(-17) composite?
False
Let n(y) = -8*y - y**3 - y**2 + 1 + 2 + 0*y**3 - 6*y**2. Is n(-7) a composite number?
False
Let s be (1 + -1 - -1)*9. Suppose -4*n = -12 + 56. Is (n/(-1))/(3/s) composite?
True
Let k be 68/(-6)*9/2. Let p = k + 74. Is p prime?
True
Let g(p) = 11*p**3 + p**2 + 2*p + 1. Let a(t) = t**3 + 4*t**2 + 3*t + 2. Let i be a(-3). Is g(i) prime?
True
Let v be (2 - 1/(-2))*2. Suppose 0 = v*n, -8*t + 2*n = -3*t - 65. Is t a prime number?
True
Let c(h) = -111*h + 3. Let g be c(2). Let o = -604 - g. Let t = o - -588. Is t a prime number?
False
Let w(n) be the first derivative of 8*n**3/3 + 6*n**2 + 11*n + 3. Is w(-8) a prime number?
False
Let z(l) = -l**3 - 6*l**2 + 5*l - 9. Suppose t + t + 16 = 0. Let i be z(t). Suppose -4*r = -3*p - i - 124, 5*r - 5*p = 250. Is r composite?
False
Suppose -10*v - 339 = -5*r - 11*v, 4*r = 2*v + 260. Is r prime?
True
Is 2/(-4)*496/(-8) prime?
True
Suppose 5*s - 1212 = s. Is s prime?
False
Let m(r) = 25*r - 4. Let u be m(-8). Let t = u + 347. Is t a prime number?
False
Let p = -16 + 22. Let q(o) = 201*o + 7. Is q(p) composite?
False
Suppose o + 2637 = -2*o. Let s = o + 1250. Is s a composite number?
True
Let u(v) = 3*v - 2*v - v**2 - 6*v + 6. Let l be u(-6). Suppose l*m - 154 = -2*k + 3*m, 3*k - 5*m = 231. Is k a prime number?
False
Suppose 0 = 4*v + v. Suppose 0 = 4*f - 2*u - 194, 2*u + v*u - 214 = -4*f. Is f a prime number?
False
Suppose p - 1719 = -2*p. Suppose 0 = 4*g - 7*g + p. Is g a prime number?
True
Let h(a) = a**2 + 2*a - 3. Let u = 1 + -5. Let g be h(u). Suppose 0 = 5*z + 4*v - 86, -v - v - 62 = -g*z. Is z composite?
True
Is 392 - ((5 - -1) + (-3 - 0)) a composite number?
False
Let t(f) = -f**3 - 3*f**2 + 6*f - 7. Let b be (-54)/9*(-1)/(-2). Let r be -3 + b/(-6)*-6. Is t(r) a composite number?
True
Let n(p) = -9*p - 7. Suppose 0 = 4*l + 32. Is n(l) a prime number?
False
Let q(t) = t**3 - 6*t**2 + 6*t. Let b be q(5). Suppose -b*a = 3*j + j - 1879, -3*j = -3. Suppose 0 = -5*k - 4*u + a, 2*u = 4*k - 0*k - 326. Is k composite?
False
Let i = 4 - 18. Let t = 29 + i. Is t a composite number?
True
Let c be (-2)/(-8) - 33/(-12). Suppose -4 = f, 9 = c*n + 2*n + 4*f. Is (-1)/(-5) + 44/n a prime number?
False
Suppose -20 = -4*j - 8. Suppose -5*h = 2*u - 135, -9 = j*u - 24. Is h prime?
False
Let n(q) = 49*q**2 + 1. Let b be n(-1). Let t = -31 + b. Is t a prime number?
True
Let r(g) = 16*g**2 - 23 + g + 15*g - 5. Let m(w) = 5*w**2 + 5*w - 9. Let v(s) = 7*m(s) - 2*r(s). Is v(-6) a composite number?
False
Let f be 1/(2/6) - 1. Suppose 5 = 3*w - 5*w - c, -f*c - 10 = 0. Suppose 5*p - 4*m - 185 = w, p + m - 2*m = 37. Is p prime?
True
Let s be 10 - (-2 - (1 + -1)). Let w = s + 211. Is w composite?
False
Let g = 19 + 4. Suppose 0 = 2*k - c + g, -2*k + k - 4 = -2*c. Is k/8*4*-11 a composite number?
True
Let y be (-175)/(-4) - (-3)/12. Suppose -4*f + 376 = y. Is f prime?
True
Is (328968/(-56))/(-9) + (-2)/(-7) composite?
False
Let n = -5 - -6. Suppose -3*z - 668 = -5*f, 0 = 3*z + 4 - n. Is f prime?
False
Let w(y) = -128*y**2 - 2*y + 2. Let a be w(2). Let n be 1 + (-2)/(4/a). Suppose 0 = 3*p - p + 4*h - n, -3*h - 6 = 0. Is p composite?
True
Suppose v - 285 + 62 = 0. Is v a composite number?
False
Let m = 29 - -44. Suppose 0 = 3*w - 508 + m. Is w a composite number?
True
Let z(j) = j - 1. Let t be z(6). Suppose 6 = 4*w + 2*h, -w - t = -2*w - 4*h. Let o = w - -73. Is o composite?
True
Let x(p) = -p**2 - 7*p - 5. Let b be x(-3). Suppose b*n - 207 = 4*n. Is n a composite number?
True
Let z be 3/1 + 0/1. Suppose -19 = -4*x - 5*b - 1, -10 = -z*x - 2*b. Suppose -5*q + a = -53, 24 = x*q - a + 2*a. Is q a composite number?
False
Suppose 2*z + 5*n = 17 + 11, -z = -2*n + 4. Suppose z*m - 73 = -2*c + 385, 241 = 2*m + 5*c. Suppose -m = -4*d + 155. Is d prime?
True
Suppose 110 = 2*s - 2*k, -4*k + 8*k - 158 = -3